{"id":9059,"date":"2019-04-04T10:54:25","date_gmt":"2019-04-04T08:54:25","guid":{"rendered":"https:\/\/chezpaul.com\/nos-menus-gourmands\/"},"modified":"2026-04-30T11:13:11","modified_gmt":"2026-04-30T09:13:11","slug":"nos-menus-gourmands","status":"publish","type":"page","link":"https:\/\/chezpaul.com\/en\/accueil\/nos-menus-gourmands\/","title":{"rendered":"Our lunch set menu"},"content":{"rendered":"<div class=\"row\">\r\n\t<div class=\"col-md-4 contenu-bloc-modal-gauche modal-fond-gris\">\r\n\t\n<div class=\"px-4\" >\r\n\t\n<div class=\"contenu-bloc-modal-gauche-haut\" >\r\n\t\n<h2>Nos<br \/>\nmenus<br \/>\ngourmands<\/h2>\n\r\n<\/div>\n<div class=\"contenu-bloc-modal-gauche-bas\" >\r\n\t\r\n<\/div>\n<h2>Jeudi<\/h2>\n<h2>30 Avril 2026<\/h2>\n<p>&nbsp;<\/p>\n<p>21 \u20ac *<\/p>\n<p>Entr\u00e9e + Plat<br \/>\nou<br \/>\nPlat + Dessert<\/p>\n<div class=\"su-spacer\" style=\"height:20px\"><\/div>\n<p>24 \u20ac *<\/p>\n<p>Entr\u00e9e + Plat + Dessert<\/p>\n<div class=\"su-spacer\" style=\"height:20px\"><\/div>\n<p><em>* Valable uniquement du lundi au vendredi de 12h \u00e0 15h (hors week-end et jours f\u00e9ri\u00e9s)<\/em><\/p>\n\r\n<\/div>\n\r\n<\/div><div class=\"col-md-8 contenu-bloc-modal-droit modal-fond-vert\">\r\n\t\n<div class=\"\" >\r\n\t\n<p><strong>ENTR\u00c9ES<\/strong><\/p>\n<table>\n<tbody>\n<tr>\n<td>\u0152uf cocotte aux copeaux de jambon et piperade<\/td>\n<\/tr>\n<tr>\n<td>Salade de tomate multicolores et Bufala fum\u00e9e<\/td>\n<\/tr>\n<\/tbody>\n<\/table>\n<p><strong>PLATS<\/strong><\/p>\n<table>\n<tbody>\n<tr>\n<td>Dos de lieu noir \u00e0 la proven\u00e7ale, tomate, basilic et l\u00e9gumes de saison<\/td>\n<\/tr>\n<tr>\n<td>La pi\u00e8ce du boucher, sauce bordelaise et pommes saut\u00e9es<\/td>\n<\/tr>\n<tr>\n<td>Aubergine r\u00f4tie gratin\u00e9e au parmesan, houmous d&#8217;artichaut et coulis de tomate<\/td>\n<\/tr>\n<\/tbody>\n<\/table>\n<p><strong>DESSERTS<\/strong><\/p>\n<table>\n<tbody>\n<tr>\n<td>Mousse au chocolat blanc et rhubarbe<\/td>\n<\/tr>\n<tr>\n<td>Bavarois au citron et fruits rouges<\/td>\n<\/tr>\n<tr>\n<td>Carpaccio d&#8217;ananas infus\u00e9 \u00e0 la menthe, sorbet citron<\/td>\n<\/tr>\n<\/tbody>\n<\/table>\n\r\n<\/div>\n<span class=\"brushX14 btn btn-sm brush-white\" ><a href=\"#\" data-dismiss=\"modal\">Fermer<\/a><\/span>\n\r\n<\/div>\r\n<\/div>\n<p>&nbsp;<\/p>\n","protected":false},"excerpt":{"rendered":"<p>&nbsp;<\/p>\n","protected":false},"author":5,"featured_media":0,"parent":8942,"menu_order":0,"comment_status":"closed","ping_status":"closed","template":"","meta":{"footnotes":""},"acf":[],"_links":{"self":[{"href":"https:\/\/chezpaul.com\/en\/wp-json\/wp\/v2\/pages\/9059\/"}],"collection":[{"href":"https:\/\/chezpaul.com\/en\/wp-json\/wp\/v2\/pages\/"}],"about":[{"href":"https:\/\/chezpaul.com\/en\/wp-json\/wp\/v2\/types\/page\/"}],"author":[{"embeddable":true,"href":"https:\/\/chezpaul.com\/en\/wp-json\/wp\/v2\/users\/5\/"}],"replies":[{"embeddable":true,"href":"https:\/\/chezpaul.com\/en\/wp-json\/wp\/v2\/comments\/?post=9059"}],"version-history":[{"count":16,"href":"https:\/\/chezpaul.com\/en\/wp-json\/wp\/v2\/pages\/9059\/revisions\/"}],"predecessor-version":[{"id":143265,"href":"https:\/\/chezpaul.com\/en\/wp-json\/wp\/v2\/pages\/9059\/revisions\/143265\/"}],"up":[{"embeddable":true,"href":"https:\/\/chezpaul.com\/en\/wp-json\/wp\/v2\/pages\/8942\/"}],"wp:attachment":[{"href":"https:\/\/chezpaul.com\/en\/wp-json\/wp\/v2\/media\/?parent=9059"}],"curies":[{"name":"wp","href":"https:\/\/api.w.org\/{rel}","templated":true}]}}

<div class="row">
	<div class="col-md-4 contenu-bloc-modal-gauche modal-fond-gris">
	
<div class="px-4" >
	
<div class="contenu-bloc-modal-gauche-haut" >
	
<h2>Nos<br />
menus<br />
gourmands</h2>

</div>
<div class="contenu-bloc-modal-gauche-bas" >
	
</div>
<h2>Jeudi</h2>
<h2>30 Avril 2026</h2>
<p>&nbsp;</p>
<p>21 € *</p>
<p>Entrée + Plat<br />
ou<br />
Plat + Dessert</p>
<div class="su-spacer" style="height:20px"></div>
<p>24 € *</p>
<p>Entrée + Plat + Dessert</p>
<div class="su-spacer" style="height:20px"></div>
<p><em>* Valable uniquement du lundi au vendredi de 12h à 15h (hors week-end et jours fériés)</em></p>

</div>

</div><div class="col-md-8 contenu-bloc-modal-droit modal-fond-vert">
	
<div class="" >
	
<p><strong>ENTRÉES</strong></p>
<table>
<tbody>
<tr>
<td>Œuf cocotte aux copeaux de jambon et piperade</td>
</tr>
<tr>
<td>Salade de tomate multicolores et Bufala fumée</td>
</tr>
</tbody>
</table>
<p><strong>PLATS</strong></p>
<table>
<tbody>
<tr>
<td>Dos de lieu noir à la provençale, tomate, basilic et légumes de saison</td>
</tr>
<tr>
<td>La pièce du boucher, sauce bordelaise et pommes sautées</td>
</tr>
<tr>
<td>Aubergine rôtie gratinée au parmesan, houmous d&#8217;artichaut et coulis de tomate</td>
</tr>
</tbody>
</table>
<p><strong>DESSERTS</strong></p>
<table>
<tbody>
<tr>
<td>Mousse au chocolat blanc et rhubarbe</td>
</tr>
<tr>
<td>Bavarois au citron et fruits rouges</td>
</tr>
<tr>
<td>Carpaccio d&#8217;ananas infusé à la menthe, sorbet citron</td>
</tr>
</tbody>
</table>

</div>
<span class="brushX14 btn btn-sm brush-white" ><a href="#" data-dismiss="modal">Fermer</a></span>

</div>
</div>
<p>&nbsp;</p>
