{"id":10109,"date":"2019-06-10T16:20:05","date_gmt":"2019-06-10T14:20:05","guid":{"rendered":"https:\/\/chezpaul.com\/chez-paul-menu\/la-suggestion-du-jour\/"},"modified":"2026-04-30T11:08:03","modified_gmt":"2026-04-30T09:08:03","slug":"the-days-suggestion","status":"publish","type":"page","link":"https:\/\/chezpaul.com\/en\/chez-paul-menu\/the-days-suggestion\/","title":{"rendered":"The day\u2019s suggestion"},"content":{"rendered":"<h2><strong>Jeudi 30 Avril 2026<\/strong><\/h2>\n<p>&nbsp;<\/p>\n<p><strong>ENTR\u00c9ES<\/strong><\/p>\n<table>\n<tbody>\n<tr>\n<td>Asperges blanches des Landes, vinaigrette<\/td>\n<td>\n<p><strong>16\u20ac<\/strong><\/p>\n<\/td>\n<\/tr>\n<tr>\n<td>Mozzarella di Bufala et tomates multicolores, cr\u00e8me de basilic et huile d&#8217;olive<\/td>\n<td>\n<p><strong>13\u20ac<\/strong><\/p>\n<\/td>\n<\/tr>\n<tr>\n<td>Salade de haricots verts, pois gourmands et copeaux de foie gras, vinaigre de framboise<\/td>\n<td>\n<p><strong>9\u20ac<\/strong><\/p>\n<\/td>\n<\/tr>\n<\/tbody>\n<\/table>\n<div class=\"su-spacer\" style=\"height:20px\"><\/div>\n<p><strong>PLATS<\/strong><\/p>\n<table>\n<tbody>\n<tr>\n<td>Salade C\u00e9sar<\/td>\n<td>\n<p><strong>16\u20ac<\/strong><\/p>\n<\/td>\n<\/tr>\n<tr>\n<td>Pav\u00e9 de thon snack\u00e9 en fine escab\u00e8che, asperges sauvages et l\u00e9gumes de saison<\/td>\n<td>\n<p><strong>26\u20ac<\/strong><\/p>\n<\/td>\n<\/tr>\n<tr>\n<td>Escalope de veau \u00e0 la cr\u00e8me de champignons, pommes Charlotte confites<\/td>\n<td>\n<p><strong>24\u20ac<\/strong><\/p>\n<\/td>\n<\/tr>\n<\/tbody>\n<\/table>\n<div class=\"su-spacer\" style=\"height:20px\"><\/div>\n<p><strong>DESSERTS<\/strong><\/p>\n<table>\n<tbody>\n<tr>\n<td>Pavlova aux fruits rouges<\/td>\n<td>\n<p><strong>9\u20ac<\/strong><\/p>\n<\/td>\n<\/tr>\n<tr>\n<td>Tarte aux pommes<\/td>\n<td>\n<p><strong>8\u20ac<\/strong><\/p>\n<\/td>\n<\/tr>\n<\/tbody>\n<\/table>\n<p>&nbsp;<\/p>\n<p>&nbsp;<\/p>\n","protected":false},"excerpt":{"rendered":"<p>Jeudi 30 Avril 2026 &nbsp; ENTR\u00c9ES Asperges blanches des Landes, vinaigrette 16\u20ac Mozzarella di Bufala et tomates multicolores, cr\u00e8me de basilic et huile d&#8217;olive 13\u20ac Salade de haricots verts, pois gourmands et [&hellip;]<\/p>\n","protected":false},"author":5,"featured_media":0,"parent":8951,"menu_order":0,"comment_status":"closed","ping_status":"closed","template":"","meta":{"footnotes":""},"acf":[],"_links":{"self":[{"href":"https:\/\/chezpaul.com\/en\/wp-json\/wp\/v2\/pages\/10109\/"}],"collection":[{"href":"https:\/\/chezpaul.com\/en\/wp-json\/wp\/v2\/pages\/"}],"about":[{"href":"https:\/\/chezpaul.com\/en\/wp-json\/wp\/v2\/types\/page\/"}],"author":[{"embeddable":true,"href":"https:\/\/chezpaul.com\/en\/wp-json\/wp\/v2\/users\/5\/"}],"replies":[{"embeddable":true,"href":"https:\/\/chezpaul.com\/en\/wp-json\/wp\/v2\/comments\/?post=10109"}],"version-history":[{"count":16,"href":"https:\/\/chezpaul.com\/en\/wp-json\/wp\/v2\/pages\/10109\/revisions\/"}],"predecessor-version":[{"id":143263,"href":"https:\/\/chezpaul.com\/en\/wp-json\/wp\/v2\/pages\/10109\/revisions\/143263\/"}],"up":[{"embeddable":true,"href":"https:\/\/chezpaul.com\/en\/wp-json\/wp\/v2\/pages\/8951\/"}],"wp:attachment":[{"href":"https:\/\/chezpaul.com\/en\/wp-json\/wp\/v2\/media\/?parent=10109"}],"curies":[{"name":"wp","href":"https:\/\/api.w.org\/{rel}","templated":true}]}}

<h2><strong>Jeudi 30 Avril 2026</strong></h2>
<p>&nbsp;</p>
<p><strong>ENTRÉES</strong></p>
<table>
<tbody>
<tr>
<td>Asperges blanches des Landes, vinaigrette</td>
<td>
<p><strong>16€</strong></p>
</td>
</tr>
<tr>
<td>Mozzarella di Bufala et tomates multicolores, crème de basilic et huile d&#8217;olive</td>
<td>
<p><strong>13€</strong></p>
</td>
</tr>
<tr>
<td>Salade de haricots verts, pois gourmands et copeaux de foie gras, vinaigre de framboise</td>
<td>
<p><strong>9€</strong></p>
</td>
</tr>
</tbody>
</table>
<div class="su-spacer" style="height:20px"></div>
<p><strong>PLATS</strong></p>
<table>
<tbody>
<tr>
<td>Salade César</td>
<td>
<p><strong>16€</strong></p>
</td>
</tr>
<tr>
<td>Pavé de thon snacké en fine escabèche, asperges sauvages et légumes de saison</td>
<td>
<p><strong>26€</strong></p>
</td>
</tr>
<tr>
<td>Escalope de veau à la crème de champignons, pommes Charlotte confites</td>
<td>
<p><strong>24€</strong></p>
</td>
</tr>
</tbody>
</table>
<div class="su-spacer" style="height:20px"></div>
<p><strong>DESSERTS</strong></p>
<table>
<tbody>
<tr>
<td>Pavlova aux fruits rouges</td>
<td>
<p><strong>9€</strong></p>
</td>
</tr>
<tr>
<td>Tarte aux pommes</td>
<td>
<p><strong>8€</strong></p>
</td>
</tr>
</tbody>
</table>
<p>&nbsp;</p>
<p>&nbsp;</p>

<p>Jeudi 30 Avril 2026 &nbsp; ENTRÉES Asperges blanches des Landes, vinaigrette 16€ Mozzarella di Bufala et tomates multicolores, crème de basilic et huile d&#8217;olive 13€ Salade de haricots verts, pois gourmands et [&hellip;]</p>
